, 3, 149
List the prime factors of 7057.
7057
List the prime factors of 4211.
4211
List the prime factors of 5544.
2, 3, 7, 11
List the prime factors of 126.
2, 3, 7
What are the prime factors of 10035?
3, 5, 223
What are the prime factors of 4495?
5, 29, 31
List the prime factors of 628.
2, 157
What are the prime factors of 75007?
107, 701
List the prime factors of 3960.
2, 3, 5, 11
List the prime factors of 8153.
31, 263
What are the prime factors of 1023?
3, 11, 31
What are the prime factors of 4206?
2, 3, 701
What are the prime factors of 17882?
2, 8941
What are the prime factors of 3930?
2, 3, 5, 131
List the prime factors of 918.
2, 3, 17
List the prime factors of 48349.
7, 6907
What are the prime factors of 1498?
2, 7, 107
What are the prime factors of 87014?
2, 139, 313
What are the prime factors of 23563?
23563
List the prime factors of 3871.
7, 79
List the prime factors of 1884.
2, 3, 157
What are the prime factors of 78624?
2, 3, 7, 13
List the prime factors of 38610.
2, 3, 5, 11, 13
List the prime factors of 47577.
3, 15859
What are the prime factors of 148?
2, 37
List the prime factors of 1290.
2, 3, 5, 43
List the prime factors of 12394.
2, 6197
What are the prime factors of 3666?
2, 3, 13, 47
What are the prime factors of 10071?
3, 373
What are the prime factors of 1290?
2, 3, 5, 43
What are the prime factors of 7617?
3, 2539
List the prime factors of 1259.
1259
List the prime factors of 1809.
3, 67
List the prime factors of 1088.
2, 17
What are the prime factors of 29?
29
List the prime factors of 6169.
31, 199
List the prime factors of 248.
2, 31
List the prime factors of 1042.
2, 521
What are the prime factors of 17210?
2, 5, 1721
List the prime factors of 18.
2, 3
List the prime factors of 13475.
5, 7, 11
List the prime factors of 29650.
2, 5, 593
List the prime factors of 1754.
2, 877
What are the prime factors of 45634?
2, 22817
What are the prime factors of 45857?
7, 6551
What are the prime factors of 2892?
2, 3, 241
What are the prime factors of 21383?
21383
What are the prime factors of 10103?
10103
List the prime factors of 119780.
2, 5, 53, 113
List the prime factors of 110326.
2, 55163
What are the prime factors of 2138?
2, 1069
What are the prime factors of 6843?
3, 2281
List the prime factors of 23072.
2, 7, 103
List the prime factors of 7417.
7417
List the prime factors of 411.
3, 137
List the prime factors of 69884.
2, 17471
List the prime factors of 11426.
2, 29, 197
List the prime factors of 8539.
8539
List the prime factors of 1682.
2, 29
What are the prime factors of 10098?
2, 3, 11, 17
List the prime factors of 434.
2, 7, 31
What are the prime factors of 8205?
3, 5, 547
List the prime factors of 25478.
2, 12739
List the prime factors of 13655.
5, 2731
List the prime factors of 156635.
5, 31327
What are the prime factors of 2403?
3, 89
List the prime factors of 23019.
3, 7673
What are the prime factors of 12318?
2, 3, 2053
What are the prime factors of 6372?
2, 3, 59
What are the prime factors of 1823?
1823
What are the prime factors of 3080?
2, 5, 7, 11
List the prime factors of 7780.
2, 5, 389
What are the prime factors of 5576?
2, 17, 41
What are the prime factors of 118898?
2, 13, 17, 269
What are the prime factors of 9878?
2, 11, 449
List the prime factors of 25935.
3, 5, 7, 13, 19
What are the prime factors of 15016?
2, 1877
List the prime factors of 4966.
2, 13, 191
What are the prime factors of 30203?
30203
List the prime factors of 35055.
3, 5, 19, 41
List the prime factors of 4291.
7, 613
List the prime factors of 80399.
11, 7309
What are the prime factors of 14992?
2, 937
List the prime factors of 2396.
2, 599
What are the prime factors of 17064?
2, 3, 79
List the prime factors of 463.
463
What are the prime factors of 35020?
2, 5, 17, 103
List the prime factors of 1685.
5, 337
What are the prime factors of 21520?
2, 5, 269
List the prime factors of 1332.
2, 3, 37
List the prime factors of 616.
2, 7, 11
What are the prime factors of 2271?
3, 757
List the prime factors of 6631.
19, 349
What are the prime factors of 1968?
2, 3, 41
What are the prime factors of 16378?
2, 19, 431
What are the prime factors of 3242?
2, 1621
What are the prime factors of 53?
53
What are the prime factors of 10284?
2, 3, 857
What are the prime factors of 720?
2, 3, 5
List the prime factors of 6721.
11, 13, 47
What are the prime factors of 14236?
2, 3559
What are the prime factors of 34427?
173, 199
List the prime factors of 23410.
2, 5, 2341
List the prime factors of 738.
2, 3, 41
List the prime factors of 6153.
3, 7, 293
What are the prime factors of 6772?
2, 1693
List the prime factors of 88410.
2, 3, 5, 7, 421
List the prime factors of 4256.
2, 7, 19
What are the prime factors of 22773?
3, 7591
What are the prime factors of 13294?
2, 17, 23
List the prime factors of 32615.
5, 11, 593
What are the prime factors of 1470?
2, 3, 5, 7
List the prime factors of 1073.
29, 37
List the prime factors of 95658.
2, 3, 107, 149
List the prime factors of 12.
2, 3
List the prime factors of 632.
2, 79
List the prime factors of 6798.
2, 3, 11, 103
List the prime factors of 12020.
2, 5, 601
What are the prime factors of 341?
11, 31
What are the prime factors of 7495?
5, 1499
List the prime factors of 1061.
1061
What are the prime factors of 19120?
2, 5, 239
What are the prime factors of 19791?
3, 733
List the prime factors of 4320.
2, 3, 5
What are the prime factors of 885?
3, 5, 59
List the prime factors of 32548.
2, 79, 103
List the prime factors of 2145.
3, 5, 11, 13
List the prime factors of 4117.
23, 179
What are the prime factors of 6825?
3, 5, 7, 13
What are the prime factors of 1657?
1657
What are the prime factors of 1275?
3, 5, 17
What are the prime factors of 14115?
3, 5, 941
List the prime factors of 5609.
71, 79
List the prime factors of 20268.
2, 3, 563
List the prime factors of 8955.
3, 5, 199
What are the prime factors of 78044?
2, 109, 179
What are the prime factors of 1683?
3, 11, 17
What are the prime factors of 1551?
3, 11, 47
List the prime factors of 2159.
17, 127
What are the prime factors of 2624?
2, 41
List the prime factors of 52098.
2, 3, 19, 457
List the prime factors of 627.
3, 11, 19
List the prime factors of 1152.
2, 3
List the prime factors of 656.
2, 41
List the prime factors of 2773.
47, 59
What are the prime factors of 11738?
2, 5869
List the prime factors of 2195.
5, 439
List the prime factors of 1246.
2, 7, 89
What are the prime factors of 1170?
2, 3, 5, 13
List the prime factors of 289.
17
List the prime factors of 2160.
2, 3, 5
What are the prime factors of 57882?
2, 3, 11, 877
List the prime factors of 3550.
2, 5, 71
What are the prime factors of 6581?
6581
What are the prime factors of 38565?
3, 5, 857
What are the prime factors of 12455?
5, 47, 53
List the prime factors of 3387.
3, 1129
List the prime factors of 5219.
17, 307
List the prime factors of 36050.
2, 5, 7, 103
List the prime factors of 10915.
5, 37, 59
List the prime factors of 35364.
2, 3, 7, 421
List the prime factors of 1351.
7, 193
List the prime factors of 3322.
2, 11, 151
What are the prime factors of 6594?
2, 3, 7, 157
List the prime factors of 20760.
2, 3, 5, 173
What are the prime factors of 3353?
7, 479
What are the prime factors of 159618?
2, 3, 37, 719
What are the prime factors of 4206?
2, 3, 701
What are the prime factors of 1670?
2, 5, 167
List the prime factors of 29212.
2, 67, 109
List the prime factors of 773.
773
List the prime factors of 1794.
2, 3, 13, 23
What are the prime factors of 10291?
41, 251
What are the prime factors of 588?
2, 3, 7
What are the prime factors of 17559?
3, 1951
List the prime factors of 1612.
2, 13, 31
List the prime factors of 1088.
2, 17
What are the prime factors of 24594?
2, 3, 4099
What are the prime factors of 267?
3, 89
List the prime factors of 14708.
2, 3677
What are the prime factors of 9355?
5, 1871
What are the prime factors of 1243?
11, 113
List the prime factors of 851.
23, 37
List the prime factors of 4097.
17, 241
List the prime factors of 328.
2, 41
List the prime factors of 18344.
2, 2293
List the prime factors of 63147.
3, 7, 31, 97
List the prime factors of 514.
2, 257
What are the prime factors of 10565?
5, 2113
What are the prime factors of 1431?
3, 53
List the p